{"id":458,"date":"2016-02-06T16:16:30","date_gmt":"2016-02-06T15:16:30","guid":{"rendered":"http:\/\/web-server\/wordpress\/?page_id=458"},"modified":"2016-06-19T09:55:50","modified_gmt":"2016-06-19T09:55:50","slug":"3d-sportstaetten-visualisierung","status":"publish","type":"page","link":"https:\/\/www.lb-id.de\/?page_id=458","title":{"rendered":"3D Sportst\u00e4tten Visualisierung"},"content":{"rendered":"<p>Wenn Sie nach einer neuen Methode suchen, sich bei der Vermarktung Ihrer Golfpl\u00e4tze, Spielst\u00e4tten, Freiluft- und Indoorkletter- sowie andere Sportanlagen von Ihrem Mitbewerbern abzusetzten, so k\u00f6nnen Sie dies durch das zur Verf\u00fcgung stellen eines aussagekr\u00e4ftigen 3D-Modells tun. In ein 3D-Modell k\u00f6nnen weiterf\u00fchrende Informationen eingef\u00fcgt werden, die Ihre Kunden \u00fcber die M\u00f6glichkeiten und Besonderheiten Ihres Angebotes unterrichten.<\/p>\n<p>Wir f\u00fchren sowohl die vor Ort Aufnahme mit einer Drohne durch, der laufende Betrieb wird dadurch in der Regel nicht gest\u00f6rt. Die Aufnahme kann kurzfristig und schnell durchgef\u00fchrt werden. Die Berechnung des Modells sowie die Ver\u00f6ffentlichung im Netz bis zur Einbindung in Ihren Internetauftritt kann von uns durchgef\u00fchrt werden.<\/p>\n<p>Im folgenden finden Sie ein 3D Modell einer Golfanlage:<\/p>\n<p><iframe loading=\"lazy\" width=\"640\" height=\"480\" src=\"https:\/\/sketchfab.com\/models\/c5faecd6ac1444b09c5b626b4cdd3e6a\/embed\" frameborder=\"0\" allowfullscreen mozallowfullscreen=\"true\" webkitallowfullscreen=\"true\" onmousewheel=\"\"><\/iframe><\/p>\n<p style=\"font-size: 13px; font-weight: normal; margin: 5px; color: #4A4A4A;\">\n    <a href=\"https:\/\/sketchfab.com\/models\/c5faecd6ac1444b09c5b626b4cdd3e6a?utm_medium=embed&#038;utm_source=website&#038;utm_campain=share-popup\" target=\"_blank\" style=\"font-weight: bold; color: #1CAAD9;\">Golf de plessisville<\/a><br \/>\n    by <a href=\"https:\/\/sketchfab.com\/avuedaigle.com?utm_medium=embed&#038;utm_source=website&#038;utm_campain=share-popup\" target=\"_blank\" style=\"font-weight: bold; color: #1CAAD9;\">avuedaigle.com<\/a><br \/>\n    on <a href=\"https:\/\/sketchfab.com?utm_medium=embed&#038;utm_source=website&#038;utm_campain=share-popup\" target=\"_blank\" style=\"font-weight: bold; color: #1CAAD9;\">Sketchfab<\/a><\/p>\n","protected":false},"excerpt":{"rendered":"<p>Wenn Sie nach einer neuen Methode suchen, sich bei der Vermarktung Ihrer Golfpl\u00e4tze, Spielst\u00e4tten, Freiluft- und Indoorkletter- sowie andere Sportanlagen von Ihrem Mitbewerbern abzusetzten, so k\u00f6nnen Sie dies durch das zur Verf\u00fcgung stellen eines aussagekr\u00e4ftigen 3D-Modells tun. In ein 3D-Modell k\u00f6nnen weiterf\u00fchrende Informationen eingef\u00fcgt werden, die Ihre Kunden \u00fcber die M\u00f6glichkeiten und Besonderheiten Ihres Angebotes [&hellip;]<\/p>\n","protected":false},"author":1,"featured_media":0,"parent":0,"menu_order":0,"comment_status":"closed","ping_status":"closed","template":"","meta":[],"categories":[],"tags":[],"_links":{"self":[{"href":"https:\/\/www.lb-id.de\/index.php?rest_route=\/wp\/v2\/pages\/458"}],"collection":[{"href":"https:\/\/www.lb-id.de\/index.php?rest_route=\/wp\/v2\/pages"}],"about":[{"href":"https:\/\/www.lb-id.de\/index.php?rest_route=\/wp\/v2\/types\/page"}],"author":[{"embeddable":true,"href":"https:\/\/www.lb-id.de\/index.php?rest_route=\/wp\/v2\/users\/1"}],"replies":[{"embeddable":true,"href":"https:\/\/www.lb-id.de\/index.php?rest_route=%2Fwp%2Fv2%2Fcomments&post=458"}],"version-history":[{"count":2,"href":"https:\/\/www.lb-id.de\/index.php?rest_route=\/wp\/v2\/pages\/458\/revisions"}],"predecessor-version":[{"id":654,"href":"https:\/\/www.lb-id.de\/index.php?rest_route=\/wp\/v2\/pages\/458\/revisions\/654"}],"wp:attachment":[{"href":"https:\/\/www.lb-id.de\/index.php?rest_route=%2Fwp%2Fv2%2Fmedia&parent=458"}],"wp:term":[{"taxonomy":"category","embeddable":true,"href":"https:\/\/www.lb-id.de\/index.php?rest_route=%2Fwp%2Fv2%2Fcategories&post=458"},{"taxonomy":"post_tag","embeddable":true,"href":"https:\/\/www.lb-id.de\/index.php?rest_route=%2Fwp%2Fv2%2Ftags&post=458"}],"curies":[{"name":"wp","href":"https:\/\/api.w.org\/{rel}","templated":true}]}}